even?
True
Is 3780 a factor of 76911660?
True
Does 15 divide 3943335?
True
Is 1164 a factor of 1766613603?
False
Is 1466 a factor of 130627930?
True
Does 31 divide 218563804?
False
Is 6942398 a multiple of 4?
False
Does 1412 divide 434733620?
True
Is 145354788 a multiple of 70?
False
Does 7 divide 22238083?
True
Does 13 divide 252022498?
True
Is 1016247141 a multiple of 3159?
True
Is 47 a factor of 17950381?
True
Does 25 divide 610108298?
False
Does 254 divide 15377160?
True
Does 145 divide 4105419?
False
Does 30 divide 2142981551?
False
Is 86491174 a multiple of 34?
False
Is 37 a factor of 87736565?
False
Does 631 divide 31140653?
False
Is 1711 a factor of 944848718?
False
Is 1517163144 a multiple of 42?
True
Is 449 a factor of 671195319?
False
Does 8 divide 257632024?
True
Does 275 divide 9972050?
True
Is 20 a factor of 38651990?
False
Is 13135066 a multiple of 198?
False
Is 20346585 a multiple of 749?
True
Is 40174145 a multiple of 187?
True
Is 446750582 a multiple of 75?
False
Does 127 divide 101248083?
True
Does 306 divide 65971919?
False
Is 3 a factor of 245305730?
False
Is 367 a factor of 124936726?
False
Is 30 a factor of 931290?
True
Is 14 a factor of 46669084?
True
Is 1102798997 a multiple of 26?
False
Is 14 a factor of 17142622?
True
Does 15 divide 629675083?
False
Is 1129465745 a multiple of 84?
False
Is 9686570 a multiple of 41?
False
Is 6741 a factor of 2985588900?
True
Is 394 a factor of 12645430?
True
Does 269 divide 12088681?
False
Is 96324 a multiple of 4?
True
Is 6634 a factor of 2167254826?
True
Is 581 a factor of 129355861?
False
Does 7 divide 794936?
False
Is 82 a factor of 2147252?
True
Is 24173152 a multiple of 30?
False
Is 47 a factor of 25158348?
True
Is 1973 a factor of 158118553?
False
Does 66 divide 108932406?
True
Does 12 divide 18283932?
True
Is 263014146 a multiple of 18?
True
Is 5 a factor of 2864255?
True
Does 10 divide 1122376717?
False
Is 9934 a factor of 1337354816?
True
Is 136214249 a multiple of 5?
False
Is 96 a factor of 178818363?
False
Is 10 a factor of 92715360?
True
Is 703 a factor of 20482364?
False
Does 2420 divide 898860600?
True
Is 2304057435 a multiple of 649?
False
Does 25 divide 460825000?
True
Is 71 a factor of 1224025?
False
Is 331040698 a multiple of 17?
False
Does 172 divide 295017302?
False
Is 109681671 a multiple of 13?
False
Is 782 a factor of 8569300?
False
Is 925204800 a multiple of 8?
True
Does 783 divide 48859296?
False
Is 3284473182 a multiple of 14855?
False
Does 1279 divide 229856764?
True
Is 175 a factor of 202814500?
True
Is 24 a factor of 17698752?
True
Is 697875671 a multiple of 719?
False
Is 30093914 a multiple of 1818?
False
Is 75234092 a multiple of 292?
True
Does 16 divide 654848480?
True
Is 1127 a factor of 90286224?
True
Does 7 divide 22480753?
False
Does 588 divide 71864772?
True
Is 17 a factor of 227786553?
True
Does 459 divide 1144938321?
True
Is 602566915 a multiple of 1366?
False
Does 41 divide 781603500?
True
Is 405 a factor of 271847872?
False
Does 328 divide 1315342648?
True
Is 726 a factor of 528861029?
False
Is 17 a factor of 160080957?
False
Is 1905642354 a multiple of 162?
False
Is 1753675341 a multiple of 709?
True
Is 174152280 a multiple of 2020?
True
Is 559549756 a multiple of 109?
True
Is 2021 a factor of 153767785?
True
Is 210928527 a multiple of 5?
False
Does 850 divide 626273393?
False
Is 731 a factor of 833125086?
True
Does 10 divide 1533316602?
False
Does 22 divide 64415131?
False
Does 173 divide 14792192?
True
Is 6271826 a multiple of 3?
False
Does 25 divide 14608475?
True
Is 65518614 a multiple of 3?
True
Is 416999326 a multiple of 199?
True
Is 5 a factor of 328981?
False
Is 3754779 a multiple of 2?
False
Is 161422914 a multiple of 1077?
True
Does 42 divide 481824?
True
Is 12 a factor of 211466400?
True
Does 1735 divide 906881030?
True
Is 78465473 a multiple of 6221?
True
Is 47741547 a multiple of 7?
True
Is 40 a factor of 17395993?
False
Is 23407735 a multiple of 131?
True
Is 3 a factor of 25039221?
True
Does 47 divide 64991036?
True
Is 2224260 a multiple of 162?
True
Does 6 divide 116729399?
False
Does 105 divide 45983595?
True
Is 3 a factor of 2157116?
False
Is 18762470 a multiple of 5?
True
Is 124 a factor of 29146696?
True
Does 51 divide 55667928?
True
Is 32710005 a multiple of 134?
False
Does 6 divide 40594003?
False
Is 15260106 a multiple of 6?
True
Is 189 a factor of 51614310?
False
Is 13134975 a multiple of 15?
True
Is 61847819 a multiple of 1819?
True
Is 11912598 a multiple of 9?
True
Is 195 a factor of 69707147?
False
Is 53 a factor of 3286444828?
False
Does 173 divide 192872247?
False
Is 2023 a factor of 89410250?
False
Is 1963168272 a multiple of 36?
True
Does 39 divide 330663255?
True
Is 16 a factor of 46172168?
False
Is 38390559 a multiple of 88?
False
Is 463 a factor of 431041950?
False
Is 2 a factor of 5617445?
False
Does 685 divide 37412645?
True
Does 205 divide 483005215?
True
Does 27 divide 560564?
False
Is 152388684 a multiple of 347?
False
Does 2395 divide 198731373?
False
Does 7 divide 9757362?
False
Is 8073702 a multiple of 217?
True
Is 11 a factor of 37660084?
True
Does 509 divide 40433763?
False
Is 27 a factor of 692727714?
True
Is 9089485 a multiple of 3?
False
Does 1804 divide 283324596?
False
Does 8 divide 70416392?
True
Is 192434076 a multiple of 2781?
True
Does 250 divide 4517593217?
False
Is 686 a factor of 271765598?
False
Is 2118241730 a multiple of 73?
True
Is 235289992 a multiple of 812?
True
Does 13 divide 504951850?
True
Is 157601 a multiple of 14?
False
Is 505536000 a multiple of 25?
True
Does 14 divide 353678598?
True
Is 549 a factor of 756797049?
True
Is 636211085 a multiple of 11412?
False
Is 31 a factor of 1449759981?
True
Does 12 divide 7673563?
False
Does 99 divide 614839746?
False
Is 170 a factor of 99698936?
False
Is 58 a factor of 1389465?
False
Is 48611160 a multiple of 170?
True
Is 12766271 a multiple of 133?
True
Is 155289946 a multiple of 14?
True
Is 840672851 a multiple of 2856?
False
Does 3424 divide 15806948?
False
Does 36 divide 155946942?
False
Is 9 a factor of 57288856?
False
Is 33024805 a multiple of 66?
False
Does 7 divide 280292999?
True
Is 270 a factor of 9086040?
True
Is 1242341596 a multiple of 92?
True
Does 4599 divide 1656614707?
False
Does 561 divide 112220196?
True
Is 13 a factor of 38995580?
True
Is 4048 a factor of 1527804256?
True
Is 15 a factor of 4761155514?
False
Is 11 a factor of 167638416?
True
Is 248872 a multiple of 7?
False
Is 1154300810 a multiple of 4030?
True
Does 492 divide 54335988?
True
Does 52 divide 308924418?
False
Does 3 divide 2589592?
False
Is 245723405 a multiple of 13?
False
Does 253 divide 46205355?
False
Is 98888790 a multiple of 1157?
True
Is 574 a factor of 139570885?
False
Is 106 a factor of 300665166?
False
Does 123 divide 1910024674?
False
Is 361 a factor of 345497216?
True
Is 1010104908 a multiple of 307?
True
Is 49 a factor of 143618553?
False
Is 49 a factor of 205910660?
False
Is 65 a factor of 4367182170?
True
Is 6394438669 a multiple of 13?
False
Does 7 divide 4667026?
True
Does 129 divide 477403179?
False
Is 169 a factor of 168375974?
False
Is 61033524 a multiple of 12?
True
Is 133458093 a multiple of 3?
True
Is 602 a factor of 20566061?
False
Is 26631379 a multiple of 23?
False
Is 5867618 a multiple of 1054?
True
Does 23 divide 31856955?
True
Is 46 a factor of 712991461?
False
Is 2157 a factor of 2187068580?
True
Is 16877658 a multiple of 343?
True
Is 1149 a factor of 837930569?
False
Does 9875 divide 2542520927?
False
Does 232 divide 308346792?
True
Does 14 divide 247664634?
True
Does 522 divide 698423?
False
Is 17299710 a multiple of 102?
True
Is 230920889 a multiple of 3229?
False
Does 296 divide 32960763?
False
Is 64789327 a multiple of 3033?
False
Is 307308510 a multiple of 4105?
True
Is 93 a factor of 153521517?
True
Is 2 a factor of 8625522?
True
Is 14916342 a multiple of 14?
True
Does 12 divide 1782068109?
False
Is 2320223749 a multiple of 10?
False
Is 113515290 a multiple of 714?
True
Is 36 a factor of 716350536?
True
Does 114 divide 122823144?
True
Is 75 a factor of 61552476?
False
Is 5186 a factor of 176674864?
False
Does 51 divide 129635672?
False
Is 839 a factor of 16405806?
True
Is 45802222 a multiple of 53?
False
Is 335942